{"id":3634,"date":"2022-10-18T08:03:18","date_gmt":"2022-10-18T08:03:18","guid":{"rendered":"https:\/\/www.artifex-bern.ch\/project\/salle-de-bains-swissline\/"},"modified":"2022-10-20T13:19:32","modified_gmt":"2022-10-20T13:19:32","slug":"salle-de-bains-swissline","status":"publish","type":"project","link":"https:\/\/www.artifex-bern.ch\/fr\/project\/salle-de-bains-swissline\/","title":{"rendered":"Salle de bains Swissline"},"content":{"rendered":"\n<p><p><strong>Situation initiale:<\/strong> am\u00e9nager une deuxi\u00e8me salle de bains dans un appartement<br\/><strong>Solution:<\/strong> Pr\u00e9parer les conduites, baignoire, plaques Swissline<\/p><\/p>\n\n<p><p><strong>Travaux r\u00e9alis\u00e9s:<\/strong><\/p><\/p>\n\n<ul class=\"wp-block-list\"><li>Visite et m\u00e9tr\u00e9, consultation des mati\u00e8res<\/li><li>Sanitaire: Pr\u00e9paration des conduites, \u00c9tanch\u00e9it\u00e9<\/li><li>Installation: baignoire, lavabo avec meuble, miroir, WC suspendu, robinetterie<\/li><li>Pose de parquet<\/li><li>\u00c9lectricit\u00e9: Lumi\u00e8re<\/li><\/ul>\n\n<figure class=\"wp-block-gallery has-nested-images columns-2 is-cropped wp-block-gallery-1 is-layout-flex wp-block-gallery-is-layout-flex\">\n<figure class=\"wp-block-image size-large\"><img loading=\"lazy\" decoding=\"async\" width=\"768\" height=\"1024\" data-id=\"3396\" src=\"https:\/\/www.artifex-bern.ch\/wp-content\/uploads\/2022\/10\/01_Badezimmer_Naubau_Sanitaer_HPLPlatten-768x1024.jpg\" alt=\"\" class=\"wp-image-3396\"\/><\/figure>\n\n\n\n<figure class=\"wp-block-image size-large\"><img loading=\"lazy\" decoding=\"async\" width=\"768\" height=\"1024\" data-id=\"3395\" src=\"https:\/\/www.artifex-bern.ch\/wp-content\/uploads\/2022\/10\/02_Sanitaer_Abdichtung_Badezimmer_Badewanne-768x1024.jpg\" alt=\"\" class=\"wp-image-3395\"\/><\/figure>\n\n\n\n<figure class=\"wp-block-image size-large\"><img loading=\"lazy\" decoding=\"async\" width=\"576\" height=\"1024\" data-id=\"3397\" src=\"https:\/\/www.artifex-bern.ch\/wp-content\/uploads\/2022\/10\/03_Badezimmerumbau_Sanierung_Sanitaer_ArgoliteHPL-Platten-576x1024.jpg\" alt=\"\" class=\"wp-image-3397\"\/><\/figure>\n\n\n\n<figure class=\"wp-block-image size-large\"><img loading=\"lazy\" decoding=\"async\" width=\"768\" height=\"1024\" data-id=\"3398\" src=\"https:\/\/www.artifex-bern.ch\/wp-content\/uploads\/2022\/10\/04_Badezimmer_Sanierung_HPLPlatten_Swissline_-768x1024.jpg\" alt=\"\" class=\"wp-image-3398\"\/><\/figure>\n<\/figure>\n","protected":false},"excerpt":{"rendered":"<p>2021, La Neuveville (NE)<\/p>\n","protected":false},"author":2,"featured_media":3408,"comment_status":"closed","ping_status":"closed","template":"","meta":{"_et_pb_use_builder":"","_et_pb_old_content":"","_et_gb_content_width":"","footnotes":""},"project_category":[36,41,40],"project_tag":[],"class_list":["post-3634","project","type-project","status-publish","has-post-thumbnail","hentry","project_category-montages","project_category-revetements-de-sol","project_category-sanitaire"],"_links":{"self":[{"href":"https:\/\/www.artifex-bern.ch\/fr\/wp-json\/wp\/v2\/project\/3634","targetHints":{"allow":["GET"]}}],"collection":[{"href":"https:\/\/www.artifex-bern.ch\/fr\/wp-json\/wp\/v2\/project"}],"about":[{"href":"https:\/\/www.artifex-bern.ch\/fr\/wp-json\/wp\/v2\/types\/project"}],"author":[{"embeddable":true,"href":"https:\/\/www.artifex-bern.ch\/fr\/wp-json\/wp\/v2\/users\/2"}],"replies":[{"embeddable":true,"href":"https:\/\/www.artifex-bern.ch\/fr\/wp-json\/wp\/v2\/comments?post=3634"}],"version-history":[{"count":1,"href":"https:\/\/www.artifex-bern.ch\/fr\/wp-json\/wp\/v2\/project\/3634\/revisions"}],"predecessor-version":[{"id":3635,"href":"https:\/\/www.artifex-bern.ch\/fr\/wp-json\/wp\/v2\/project\/3634\/revisions\/3635"}],"wp:featuredmedia":[{"embeddable":true,"href":"https:\/\/www.artifex-bern.ch\/fr\/wp-json\/wp\/v2\/media\/3408"}],"wp:attachment":[{"href":"https:\/\/www.artifex-bern.ch\/fr\/wp-json\/wp\/v2\/media?parent=3634"}],"wp:term":[{"taxonomy":"project_category","embeddable":true,"href":"https:\/\/www.artifex-bern.ch\/fr\/wp-json\/wp\/v2\/project_category?post=3634"},{"taxonomy":"project_tag","embeddable":true,"href":"https:\/\/www.artifex-bern.ch\/fr\/wp-json\/wp\/v2\/project_tag?post=3634"}],"curies":[{"name":"wp","href":"https:\/\/api.w.org\/{rel}","templated":true}]}}

<p><p><strong>Situation initiale:</strong> aménager une deuxième salle de bains dans un appartement<br/><strong>Solution:</strong> Préparer les conduites, baignoire, plaques Swissline</p></p>

<p><p><strong>Travaux réalisés:</strong></p></p>

<ul class="wp-block-list"><li>Visite et métré, consultation des matières</li><li>Sanitaire: Préparation des conduites, Étanchéité</li><li>Installation: baignoire, lavabo avec meuble, miroir, WC suspendu, robinetterie</li><li>Pose de parquet</li><li>Électricité: Lumière</li></ul>

<figure class="wp-block-gallery has-nested-images columns-2 is-cropped wp-block-gallery-1 is-layout-flex wp-block-gallery-is-layout-flex">
<figure class="wp-block-image size-large"><img loading="lazy" decoding="async" width="768" height="1024" data-id="3396" src="https://www.artifex-bern.ch/wp-content/uploads/2022/10/01_Badezimmer_Naubau_Sanitaer_HPLPlatten-768x1024.jpg" alt="" class="wp-image-3396"/></figure>



<figure class="wp-block-image size-large"><img loading="lazy" decoding="async" width="768" height="1024" data-id="3395" src="https://www.artifex-bern.ch/wp-content/uploads/2022/10/02_Sanitaer_Abdichtung_Badezimmer_Badewanne-768x1024.jpg" alt="" class="wp-image-3395"/></figure>



<figure class="wp-block-image size-large"><img loading="lazy" decoding="async" width="576" height="1024" data-id="3397" src="https://www.artifex-bern.ch/wp-content/uploads/2022/10/03_Badezimmerumbau_Sanierung_Sanitaer_ArgoliteHPL-Platten-576x1024.jpg" alt="" class="wp-image-3397"/></figure>



<figure class="wp-block-image size-large"><img loading="lazy" decoding="async" width="768" height="1024" data-id="3398" src="https://www.artifex-bern.ch/wp-content/uploads/2022/10/04_Badezimmer_Sanierung_HPLPlatten_Swissline_-768x1024.jpg" alt="" class="wp-image-3398"/></figure>
</figure>
